{"id":8045,"date":"2025-04-03T12:12:16","date_gmt":"2025-04-03T10:12:16","guid":{"rendered":"https:\/\/elisagroup.cz\/?post_type=cpt_cars&#038;p=8045"},"modified":"2025-04-21T23:33:29","modified_gmt":"2025-04-21T21:33:29","slug":"bmw-740d","status":"publish","type":"cpt_cars","link":"https:\/\/elisagroup.cz\/en\/cars\/bmw-740d\/","title":{"rendered":"\u2060\u2060BMW 740d"},"content":{"rendered":"\n<p>BMW 740d predstavuje modern\u00fd luxus v technologicky najpokro\u010dilej\u0161om balen\u00ed. Nov\u00e1 gener\u00e1cia sedmi\u010dkovej rady prich\u00e1dza s futuristick\u00fdm dizajnom, obrovsk\u00fdm zakriven\u00fdm displejom, ambientn\u00fdm osvetlen\u00edm a high-tech prvkami ako je obrazovka pre zadn\u00fdch pasa\u017eierov cez cel\u00fa \u0161\u00edrku interi\u00e9ru. Naftov\u00fd motor s mild-hybrid technol\u00f3giou poskytuje dostato\u010dn\u00fd v\u00fdkon a z\u00e1rove\u0148 v\u00fdnimo\u010dn\u00fa tichos\u0165 a efektivitu. Komfort jazdy je podporen\u00fd vzduchov\u00fdm podvozkom a pokro\u010dil\u00fdmi asisten\u010dn\u00fdmi syst\u00e9mami. BMW 740d je stelesnen\u00edm luxusu, ktor\u00fd nielen dobre vyzer\u00e1, ale aj v\u00fdborne jazd\u00ed.<\/p>\n","protected":false},"excerpt":{"rendered":"<p>BMW 740d predstavuje modern\u00fd luxus v technologicky najpokro\u010dilej\u0161om balen\u00ed. Nov\u00e1 gener\u00e1cia sedmi\u010dkovej rady prich\u00e1dza s futuristick\u00fdm dizajnom, obrovsk\u00fdm zakriven\u00fdm displejom, ambientn\u00fdm osvetlen\u00edm a high-tech prvkami ako je obrazovka pre zadn\u00fdch&hellip;<\/p>\n","protected":false},"author":1,"featured_media":8557,"comment_status":"closed","ping_status":"closed","template":"","cpt_cars_type":[52],"cpt_cars_status":[47],"cpt_cars_features":[],"cpt_cars_labels":[21],"cpt_cars_city":[276,277,275],"class_list":["post-8045","cpt_cars","type-cpt_cars","status-publish","has-post-thumbnail","hentry","cpt_cars_type-sedan","cpt_cars_status-pronajem","cpt_cars_maker-bmw","cpt_cars_model-740d","cpt_cars_labels-pronajem","cpt_cars_city-bratislava","cpt_cars_city-brno","cpt_cars_city-praha"],"_links":{"self":[{"href":"https:\/\/elisagroup.cz\/en\/wp-json\/wp\/v2\/cpt_cars\/8045","targetHints":{"allow":["GET"]}}],"collection":[{"href":"https:\/\/elisagroup.cz\/en\/wp-json\/wp\/v2\/cpt_cars"}],"about":[{"href":"https:\/\/elisagroup.cz\/en\/wp-json\/wp\/v2\/types\/cpt_cars"}],"author":[{"embeddable":true,"href":"https:\/\/elisagroup.cz\/en\/wp-json\/wp\/v2\/users\/1"}],"replies":[{"embeddable":true,"href":"https:\/\/elisagroup.cz\/en\/wp-json\/wp\/v2\/comments?post=8045"}],"wp:featuredmedia":[{"embeddable":true,"href":"https:\/\/elisagroup.cz\/en\/wp-json\/wp\/v2\/media\/8557"}],"wp:attachment":[{"href":"https:\/\/elisagroup.cz\/en\/wp-json\/wp\/v2\/media?parent=8045"}],"wp:term":[{"taxonomy":"cpt_cars_type","embeddable":true,"href":"https:\/\/elisagroup.cz\/en\/wp-json\/wp\/v2\/cpt_cars_type?post=8045"},{"taxonomy":"cpt_cars_status","embeddable":true,"href":"https:\/\/elisagroup.cz\/en\/wp-json\/wp\/v2\/cpt_cars_status?post=8045"},{"taxonomy":"cpt_cars_features","embeddable":true,"href":"https:\/\/elisagroup.cz\/en\/wp-json\/wp\/v2\/cpt_cars_features?post=8045"},{"taxonomy":"cpt_cars_labels","embeddable":true,"href":"https:\/\/elisagroup.cz\/en\/wp-json\/wp\/v2\/cpt_cars_labels?post=8045"},{"taxonomy":"cpt_cars_city","embeddable":true,"href":"https:\/\/elisagroup.cz\/en\/wp-json\/wp\/v2\/cpt_cars_city?post=8045"}],"curies":[{"name":"wp","href":"https:\/\/api.w.org\/{rel}","templated":true}]}}

<p>BMW 740d predstavuje moderný luxus v technologicky najpokročilejšom balení. Nová generácia sedmičkovej rady prichádza s futuristickým dizajnom, obrovským zakriveným displejom, ambientným osvetlením a high-tech prvkami ako je obrazovka pre zadných pasažierov cez celú šírku interiéru. Naftový motor s mild-hybrid technológiou poskytuje dostatočný výkon a zároveň výnimočnú tichosť a efektivitu. Komfort jazdy je podporený vzduchovým podvozkom a pokročilými asistenčnými systémami. BMW 740d je stelesnením luxusu, ktorý nielen dobre vyzerá, ale aj výborne jazdí.</p>

<p>BMW 740d predstavuje moderný luxus v technologicky najpokročilejšom balení. Nová generácia sedmičkovej rady prichádza s futuristickým dizajnom, obrovským zakriveným displejom, ambientným osvetlením a high-tech prvkami ako je obrazovka pre zadných&hellip;</p>
