{"id":8047,"date":"2025-04-03T12:13:03","date_gmt":"2025-04-03T10:13:03","guid":{"rendered":"https:\/\/elisagroup.cz\/?post_type=cpt_cars&#038;p=8047"},"modified":"2025-04-21T23:33:15","modified_gmt":"2025-04-21T21:33:15","slug":"bmw-m5-sedan","status":"publish","type":"cpt_cars","link":"https:\/\/elisagroup.cz\/en\/cars\/bmw-m5-sedan\/","title":{"rendered":"\u2060\u2060BMW M5 sedan"},"content":{"rendered":"\n<p>BMW M5 pre rok 2025 je vrcholom \u0161portovej elegancie a technickej dokonalosti. Tento model sp\u00e1ja komfort pr\u00e9miov\u00e9ho sedanu s brut\u00e1lnym v\u00fdkonom \u0161portov\u00e9ho auta. Pod kapotou sa ukr\u00fdva v\u00fdkonn\u00fd motor V8 s technol\u00f3giou M TwinPower Turbo, ktor\u00fd zabezpe\u010duje zr\u00fdchlenie, z ktor\u00e9ho mraz\u00ed. Adapt\u00edvny podvozok, M xDrive pohon v\u0161etk\u00fdch kolies a pokro\u010dil\u00e9 brzdov\u00e9 syst\u00e9my umo\u017e\u0148uj\u00fa prec\u00edznu kontrolu v ka\u017edej situ\u00e1cii. Interi\u00e9r je typick\u00fd pre radu M \u2013 kombin\u00e1cia luxusu, \u0161portu a modern\u00fdch technol\u00f3gi\u00ed, vr\u00e1tane \u0161portov\u00fdch sedadiel, ambientn\u00e9ho osvetlenia a pokro\u010dil\u00e9ho infotainmentu. M5 je ur\u010den\u00e9 t\u00fdm, ktor\u00ed o\u010dak\u00e1vaj\u00fa nekompromisn\u00fd v\u00fdkon bez straty ka\u017edodenn\u00e9ho pohodlia.<\/p>\n","protected":false},"excerpt":{"rendered":"<p>BMW M5 pre rok 2025 je vrcholom \u0161portovej elegancie a technickej dokonalosti. Tento model sp\u00e1ja komfort pr\u00e9miov\u00e9ho sedanu s brut\u00e1lnym v\u00fdkonom \u0161portov\u00e9ho auta. Pod kapotou sa ukr\u00fdva v\u00fdkonn\u00fd motor V8&hellip;<\/p>\n","protected":false},"author":1,"featured_media":8022,"comment_status":"closed","ping_status":"closed","template":"","cpt_cars_type":[52],"cpt_cars_status":[47],"cpt_cars_features":[],"cpt_cars_labels":[21],"cpt_cars_city":[276,277,275],"class_list":["post-8047","cpt_cars","type-cpt_cars","status-publish","has-post-thumbnail","hentry","cpt_cars_type-sedan","cpt_cars_status-pronajem","cpt_cars_maker-bmw","cpt_cars_model-m5-sedan","cpt_cars_labels-pronajem","cpt_cars_city-bratislava","cpt_cars_city-brno","cpt_cars_city-praha"],"_links":{"self":[{"href":"https:\/\/elisagroup.cz\/en\/wp-json\/wp\/v2\/cpt_cars\/8047","targetHints":{"allow":["GET"]}}],"collection":[{"href":"https:\/\/elisagroup.cz\/en\/wp-json\/wp\/v2\/cpt_cars"}],"about":[{"href":"https:\/\/elisagroup.cz\/en\/wp-json\/wp\/v2\/types\/cpt_cars"}],"author":[{"embeddable":true,"href":"https:\/\/elisagroup.cz\/en\/wp-json\/wp\/v2\/users\/1"}],"replies":[{"embeddable":true,"href":"https:\/\/elisagroup.cz\/en\/wp-json\/wp\/v2\/comments?post=8047"}],"wp:featuredmedia":[{"embeddable":true,"href":"https:\/\/elisagroup.cz\/en\/wp-json\/wp\/v2\/media\/8022"}],"wp:attachment":[{"href":"https:\/\/elisagroup.cz\/en\/wp-json\/wp\/v2\/media?parent=8047"}],"wp:term":[{"taxonomy":"cpt_cars_type","embeddable":true,"href":"https:\/\/elisagroup.cz\/en\/wp-json\/wp\/v2\/cpt_cars_type?post=8047"},{"taxonomy":"cpt_cars_status","embeddable":true,"href":"https:\/\/elisagroup.cz\/en\/wp-json\/wp\/v2\/cpt_cars_status?post=8047"},{"taxonomy":"cpt_cars_features","embeddable":true,"href":"https:\/\/elisagroup.cz\/en\/wp-json\/wp\/v2\/cpt_cars_features?post=8047"},{"taxonomy":"cpt_cars_labels","embeddable":true,"href":"https:\/\/elisagroup.cz\/en\/wp-json\/wp\/v2\/cpt_cars_labels?post=8047"},{"taxonomy":"cpt_cars_city","embeddable":true,"href":"https:\/\/elisagroup.cz\/en\/wp-json\/wp\/v2\/cpt_cars_city?post=8047"}],"curies":[{"name":"wp","href":"https:\/\/api.w.org\/{rel}","templated":true}]}}

<p>BMW M5 pre rok 2025 je vrcholom športovej elegancie a technickej dokonalosti. Tento model spája komfort prémiového sedanu s brutálnym výkonom športového auta. Pod kapotou sa ukrýva výkonný motor V8 s technológiou M TwinPower Turbo, ktorý zabezpečuje zrýchlenie, z ktorého mrazí. Adaptívny podvozok, M xDrive pohon všetkých kolies a pokročilé brzdové systémy umožňujú precíznu kontrolu v každej situácii. Interiér je typický pre radu M – kombinácia luxusu, športu a moderných technológií, vrátane športových sedadiel, ambientného osvetlenia a pokročilého infotainmentu. M5 je určené tým, ktorí očakávajú nekompromisný výkon bez straty každodenného pohodlia.</p>

<p>BMW M5 pre rok 2025 je vrcholom športovej elegancie a technickej dokonalosti. Tento model spája komfort prémiového sedanu s brutálnym výkonom športového auta. Pod kapotou sa ukrýva výkonný motor V8&hellip;</p>
