{"id":8048,"date":"2025-04-03T12:14:43","date_gmt":"2025-04-03T10:14:43","guid":{"rendered":"https:\/\/elisagroup.cz\/?post_type=cpt_cars&#038;p=8048"},"modified":"2025-04-21T23:32:54","modified_gmt":"2025-04-21T21:32:54","slug":"bmw-x7-40d","status":"publish","type":"cpt_cars","link":"https:\/\/elisagroup.cz\/en\/cars\/bmw-x7-40d\/","title":{"rendered":"\u2060\u2060BMW X7 40d"},"content":{"rendered":"\n<p>BMW X7 40d je vlajkov\u00e1 lo\u010f medzi SUV zna\u010dky BMW \u2013 sp\u00e1ja ve\u013ekolep\u00fd priestor, tich\u00fd chod a dynamick\u00fd v\u00fdkon. Naftov\u00fd \u0161es\u0165valec pon\u00faka v\u00fdborn\u00fd pomer v\u00fdkonu a spotreby, zatia\u013e \u010do vzduchov\u00fd podvozok zaru\u010duje maxim\u00e1lny komfort aj pri dlh\u00fdch cest\u00e1ch. Interi\u00e9r je extr\u00e9mne priestrann\u00fd, s tromi radmi sedadiel, luxusn\u00fdm \u010dal\u00fanen\u00edm a pokro\u010dil\u00fdm ovl\u00e1dan\u00edm cez zakriven\u00fd displej BMW iDrive 8. X7 40d je ide\u00e1lny pre rodiny, mana\u017e\u00e9rov alebo t\u00fdch, ktor\u00ed jednoducho vy\u017eaduj\u00fa ve\u013ekos\u0165, \u0161t\u00fdl a modern\u00fa techniku v jednom vozidle.<\/p>\n","protected":false},"excerpt":{"rendered":"<p>BMW X7 40d je vlajkov\u00e1 lo\u010f medzi SUV zna\u010dky BMW \u2013 sp\u00e1ja ve\u013ekolep\u00fd priestor, tich\u00fd chod a dynamick\u00fd v\u00fdkon. Naftov\u00fd \u0161es\u0165valec pon\u00faka v\u00fdborn\u00fd pomer v\u00fdkonu a spotreby, zatia\u013e \u010do vzduchov\u00fd&hellip;<\/p>\n","protected":false},"author":1,"featured_media":8553,"comment_status":"closed","ping_status":"closed","template":"","cpt_cars_type":[53],"cpt_cars_status":[47],"cpt_cars_features":[],"cpt_cars_labels":[21],"cpt_cars_city":[276,277,275],"class_list":["post-8048","cpt_cars","type-cpt_cars","status-publish","has-post-thumbnail","hentry","cpt_cars_type-suv","cpt_cars_status-pronajem","cpt_cars_maker-bmw","cpt_cars_model-x7-40d","cpt_cars_labels-pronajem","cpt_cars_city-bratislava","cpt_cars_city-brno","cpt_cars_city-praha"],"_links":{"self":[{"href":"https:\/\/elisagroup.cz\/en\/wp-json\/wp\/v2\/cpt_cars\/8048","targetHints":{"allow":["GET"]}}],"collection":[{"href":"https:\/\/elisagroup.cz\/en\/wp-json\/wp\/v2\/cpt_cars"}],"about":[{"href":"https:\/\/elisagroup.cz\/en\/wp-json\/wp\/v2\/types\/cpt_cars"}],"author":[{"embeddable":true,"href":"https:\/\/elisagroup.cz\/en\/wp-json\/wp\/v2\/users\/1"}],"replies":[{"embeddable":true,"href":"https:\/\/elisagroup.cz\/en\/wp-json\/wp\/v2\/comments?post=8048"}],"wp:featuredmedia":[{"embeddable":true,"href":"https:\/\/elisagroup.cz\/en\/wp-json\/wp\/v2\/media\/8553"}],"wp:attachment":[{"href":"https:\/\/elisagroup.cz\/en\/wp-json\/wp\/v2\/media?parent=8048"}],"wp:term":[{"taxonomy":"cpt_cars_type","embeddable":true,"href":"https:\/\/elisagroup.cz\/en\/wp-json\/wp\/v2\/cpt_cars_type?post=8048"},{"taxonomy":"cpt_cars_status","embeddable":true,"href":"https:\/\/elisagroup.cz\/en\/wp-json\/wp\/v2\/cpt_cars_status?post=8048"},{"taxonomy":"cpt_cars_features","embeddable":true,"href":"https:\/\/elisagroup.cz\/en\/wp-json\/wp\/v2\/cpt_cars_features?post=8048"},{"taxonomy":"cpt_cars_labels","embeddable":true,"href":"https:\/\/elisagroup.cz\/en\/wp-json\/wp\/v2\/cpt_cars_labels?post=8048"},{"taxonomy":"cpt_cars_city","embeddable":true,"href":"https:\/\/elisagroup.cz\/en\/wp-json\/wp\/v2\/cpt_cars_city?post=8048"}],"curies":[{"name":"wp","href":"https:\/\/api.w.org\/{rel}","templated":true}]}}

<p>BMW X7 40d je vlajková loď medzi SUV značky BMW – spája veľkolepý priestor, tichý chod a dynamický výkon. Naftový šesťvalec ponúka výborný pomer výkonu a spotreby, zatiaľ čo vzduchový podvozok zaručuje maximálny komfort aj pri dlhých cestách. Interiér je extrémne priestranný, s tromi radmi sedadiel, luxusným čalúnením a pokročilým ovládaním cez zakrivený displej BMW iDrive 8. X7 40d je ideálny pre rodiny, manažérov alebo tých, ktorí jednoducho vyžadujú veľkosť, štýl a modernú techniku v jednom vozidle.</p>

<p>BMW X7 40d je vlajková loď medzi SUV značky BMW – spája veľkolepý priestor, tichý chod a dynamický výkon. Naftový šesťvalec ponúka výborný pomer výkonu a spotreby, zatiaľ čo vzduchový&hellip;</p>
