{"id":8052,"date":"2025-04-18T10:00:58","date_gmt":"2025-04-18T08:00:58","guid":{"rendered":"https:\/\/elisagroup.cz\/?post_type=cpt_cars&#038;p=8052"},"modified":"2025-04-21T23:31:18","modified_gmt":"2025-04-21T21:31:18","slug":"mercedes-benz-g63-facelift","status":"publish","type":"cpt_cars","link":"https:\/\/elisagroup.cz\/en\/cars\/mercedes-benz-g63-facelift\/","title":{"rendered":"Mercedes Benz G63 Facelift"},"content":{"rendered":"\n<p>Ikonick\u00fd Mercedes-Benz G63 s faceliftom pre rok 2024 si zachov\u00e1v\u00e1 svoj nezamenite\u013en\u00fd hranat\u00fd dizajn, no prin\u00e1\u0161a modernizovan\u00fd interi\u00e9r a mno\u017estvo technologick\u00fdch vylep\u0161en\u00ed. Srdcom vozidla je mohutn\u00fd motor V8 biturbo, ktor\u00fd pon\u00faka brut\u00e1lny v\u00fdkon a nezamenite\u013en\u00fd zvukov\u00fd prejav. Interi\u00e9r sp\u00e1ja luxus s off-roadov\u00fdm duchom \u2013 ko\u017een\u00e9 \u010dal\u00fanenie, ambientn\u00e9 osvetlenie, najnov\u0161\u00ed infotainment MBUX a vysok\u00e1 kvalita spracovania. G63 nie je len o luxuse, ale aj o schopnosti prekon\u00e1va\u0165 n\u00e1ro\u010dn\u00fd ter\u00e9n s absol\u00fatnou istotou. Je to symbol prest\u00ed\u017ee, autority a nekompromisnej sily.<\/p>\n","protected":false},"excerpt":{"rendered":"<p>Ikonick\u00fd Mercedes-Benz G63 s faceliftom pre rok 2024 si zachov\u00e1v\u00e1 svoj nezamenite\u013en\u00fd hranat\u00fd dizajn, no prin\u00e1\u0161a modernizovan\u00fd interi\u00e9r a mno\u017estvo technologick\u00fdch vylep\u0161en\u00ed. Srdcom vozidla je mohutn\u00fd motor V8 biturbo, ktor\u00fd&hellip;<\/p>\n","protected":false},"author":1,"featured_media":8465,"comment_status":"closed","ping_status":"closed","template":"","cpt_cars_type":[53],"cpt_cars_status":[47],"cpt_cars_features":[],"cpt_cars_labels":[21],"cpt_cars_city":[276,277,275],"class_list":["post-8052","cpt_cars","type-cpt_cars","status-publish","has-post-thumbnail","hentry","cpt_cars_type-suv","cpt_cars_status-pronajem","cpt_cars_maker-mercedes","cpt_cars_model-g63-facelift","cpt_cars_labels-pronajem","cpt_cars_city-bratislava","cpt_cars_city-brno","cpt_cars_city-praha"],"_links":{"self":[{"href":"https:\/\/elisagroup.cz\/en\/wp-json\/wp\/v2\/cpt_cars\/8052","targetHints":{"allow":["GET"]}}],"collection":[{"href":"https:\/\/elisagroup.cz\/en\/wp-json\/wp\/v2\/cpt_cars"}],"about":[{"href":"https:\/\/elisagroup.cz\/en\/wp-json\/wp\/v2\/types\/cpt_cars"}],"author":[{"embeddable":true,"href":"https:\/\/elisagroup.cz\/en\/wp-json\/wp\/v2\/users\/1"}],"replies":[{"embeddable":true,"href":"https:\/\/elisagroup.cz\/en\/wp-json\/wp\/v2\/comments?post=8052"}],"wp:featuredmedia":[{"embeddable":true,"href":"https:\/\/elisagroup.cz\/en\/wp-json\/wp\/v2\/media\/8465"}],"wp:attachment":[{"href":"https:\/\/elisagroup.cz\/en\/wp-json\/wp\/v2\/media?parent=8052"}],"wp:term":[{"taxonomy":"cpt_cars_type","embeddable":true,"href":"https:\/\/elisagroup.cz\/en\/wp-json\/wp\/v2\/cpt_cars_type?post=8052"},{"taxonomy":"cpt_cars_status","embeddable":true,"href":"https:\/\/elisagroup.cz\/en\/wp-json\/wp\/v2\/cpt_cars_status?post=8052"},{"taxonomy":"cpt_cars_features","embeddable":true,"href":"https:\/\/elisagroup.cz\/en\/wp-json\/wp\/v2\/cpt_cars_features?post=8052"},{"taxonomy":"cpt_cars_labels","embeddable":true,"href":"https:\/\/elisagroup.cz\/en\/wp-json\/wp\/v2\/cpt_cars_labels?post=8052"},{"taxonomy":"cpt_cars_city","embeddable":true,"href":"https:\/\/elisagroup.cz\/en\/wp-json\/wp\/v2\/cpt_cars_city?post=8052"}],"curies":[{"name":"wp","href":"https:\/\/api.w.org\/{rel}","templated":true}]}}

<p>Ikonický Mercedes-Benz G63 s faceliftom pre rok 2024 si zachovává svoj nezameniteľný hranatý dizajn, no prináša modernizovaný interiér a množstvo technologických vylepšení. Srdcom vozidla je mohutný motor V8 biturbo, ktorý ponúka brutálny výkon a nezameniteľný zvukový prejav. Interiér spája luxus s off-roadovým duchom – kožené čalúnenie, ambientné osvetlenie, najnovší infotainment MBUX a vysoká kvalita spracovania. G63 nie je len o luxuse, ale aj o schopnosti prekonávať náročný terén s absolútnou istotou. Je to symbol prestíže, autority a nekompromisnej sily.</p>

<p>Ikonický Mercedes-Benz G63 s faceliftom pre rok 2024 si zachovává svoj nezameniteľný hranatý dizajn, no prináša modernizovaný interiér a množstvo technologických vylepšení. Srdcom vozidla je mohutný motor V8 biturbo, ktorý&hellip;</p>
