{"id":8053,"date":"2025-04-18T07:00:29","date_gmt":"2025-04-18T05:00:29","guid":{"rendered":"https:\/\/elisagroup.cz\/?post_type=cpt_cars&#038;p=8053"},"modified":"2025-04-21T23:32:14","modified_gmt":"2025-04-21T21:32:14","slug":"mercedes-benz-gls-450d","status":"publish","type":"cpt_cars","link":"https:\/\/elisagroup.cz\/en\/cars\/mercedes-benz-gls-450d\/","title":{"rendered":"\u2060Mercedes Benz GLS 450d"},"content":{"rendered":"\n<p>Model GLS 450d kombinuje eleganci, funk\u010dnost a robustnost, co\u017e z n\u011bj \u010din\u00ed ide\u00e1ln\u00ed SUV pro rodiny i n\u00e1ro\u010dn\u00e9 jednotlivce. D\u00edky siln\u00e9mu naftov\u00e9mu motoru pon\u00faka v\u00fdbornou dynamiku, vysok\u00fd komfort pri dlh\u00fdch cest\u00e1ch a schopnos\u0165 zvl\u00e1da\u0165 aj n\u00e1ro\u010dnej\u0161\u00ed ter\u00e9n. Interi\u00e9r je vybaven\u00fd najnov\u0161\u00edmi technol\u00f3giami, ako je MBUX syst\u00e9m, digit\u00e1lny kokpit, mno\u017estvo asisten\u010dn\u00fdch syst\u00e9mov a v\u00fdbava zameran\u00e1 na maxim\u00e1lne pohodlie cestuj\u00facich. GLS 450d je spo\u013eahliv\u00fd, elegantn\u00fd a reprezentat\u00edvny \u2013 presne tak\u00fd, ak\u00fd m\u00e1 by\u0165 prav\u00fd Mercedes SUV.<\/p>\n","protected":false},"excerpt":{"rendered":"<p>Model GLS 450d kombinuje eleganci, funk\u010dnost a robustnost, co\u017e z n\u011bj \u010din\u00ed ide\u00e1ln\u00ed SUV pro rodiny i n\u00e1ro\u010dn\u00e9 jednotlivce. D\u00edky siln\u00e9mu naftov\u00e9mu motoru pon\u00faka v\u00fdbornou dynamiku, vysok\u00fd komfort pri dlh\u00fdch&hellip;<\/p>\n","protected":false},"author":1,"featured_media":8550,"comment_status":"closed","ping_status":"closed","template":"","cpt_cars_type":[53],"cpt_cars_status":[47],"cpt_cars_features":[],"cpt_cars_labels":[21],"cpt_cars_city":[276,277,275],"class_list":["post-8053","cpt_cars","type-cpt_cars","status-publish","has-post-thumbnail","hentry","cpt_cars_type-suv","cpt_cars_status-pronajem","cpt_cars_maker-mercedes","cpt_cars_model-gls-450d","cpt_cars_labels-pronajem","cpt_cars_city-bratislava","cpt_cars_city-brno","cpt_cars_city-praha"],"_links":{"self":[{"href":"https:\/\/elisagroup.cz\/en\/wp-json\/wp\/v2\/cpt_cars\/8053","targetHints":{"allow":["GET"]}}],"collection":[{"href":"https:\/\/elisagroup.cz\/en\/wp-json\/wp\/v2\/cpt_cars"}],"about":[{"href":"https:\/\/elisagroup.cz\/en\/wp-json\/wp\/v2\/types\/cpt_cars"}],"author":[{"embeddable":true,"href":"https:\/\/elisagroup.cz\/en\/wp-json\/wp\/v2\/users\/1"}],"replies":[{"embeddable":true,"href":"https:\/\/elisagroup.cz\/en\/wp-json\/wp\/v2\/comments?post=8053"}],"wp:featuredmedia":[{"embeddable":true,"href":"https:\/\/elisagroup.cz\/en\/wp-json\/wp\/v2\/media\/8550"}],"wp:attachment":[{"href":"https:\/\/elisagroup.cz\/en\/wp-json\/wp\/v2\/media?parent=8053"}],"wp:term":[{"taxonomy":"cpt_cars_type","embeddable":true,"href":"https:\/\/elisagroup.cz\/en\/wp-json\/wp\/v2\/cpt_cars_type?post=8053"},{"taxonomy":"cpt_cars_status","embeddable":true,"href":"https:\/\/elisagroup.cz\/en\/wp-json\/wp\/v2\/cpt_cars_status?post=8053"},{"taxonomy":"cpt_cars_features","embeddable":true,"href":"https:\/\/elisagroup.cz\/en\/wp-json\/wp\/v2\/cpt_cars_features?post=8053"},{"taxonomy":"cpt_cars_labels","embeddable":true,"href":"https:\/\/elisagroup.cz\/en\/wp-json\/wp\/v2\/cpt_cars_labels?post=8053"},{"taxonomy":"cpt_cars_city","embeddable":true,"href":"https:\/\/elisagroup.cz\/en\/wp-json\/wp\/v2\/cpt_cars_city?post=8053"}],"curies":[{"name":"wp","href":"https:\/\/api.w.org\/{rel}","templated":true}]}}

<p>Model GLS 450d kombinuje eleganci, funkčnost a robustnost, což z něj činí ideální SUV pro rodiny i náročné jednotlivce. Díky silnému naftovému motoru ponúka výbornou dynamiku, vysoký komfort pri dlhých cestách a schopnosť zvládať aj náročnejší terén. Interiér je vybavený najnovšími technológiami, ako je MBUX systém, digitálny kokpit, množstvo asistenčných systémov a výbava zameraná na maximálne pohodlie cestujúcich. GLS 450d je spoľahlivý, elegantný a reprezentatívny – presne taký, aký má byť pravý Mercedes SUV.</p>

<p>Model GLS 450d kombinuje eleganci, funkčnost a robustnost, což z něj činí ideální SUV pro rodiny i náročné jednotlivce. Díky silnému naftovému motoru ponúka výbornou dynamiku, vysoký komfort pri dlhých&hellip;</p>
