{"id":8056,"date":"2025-04-04T22:21:46","date_gmt":"2025-04-04T20:21:46","guid":{"rendered":"https:\/\/elisagroup.cz\/?post_type=cpt_cars&#038;p=8056"},"modified":"2025-04-21T23:32:33","modified_gmt":"2025-04-21T21:32:33","slug":"porsche-911-gts","status":"publish","type":"cpt_cars","link":"https:\/\/elisagroup.cz\/en\/cars\/porsche-911-gts\/","title":{"rendered":"\u2060\u2060Porsche 911 GTS"},"content":{"rendered":"\n<p>Model 911 GTS je jedn\u00edm z nejv\u00edce vyv\u00e1\u017een\u00fdch sportovn\u00edch voz\u016f, jak\u00e9 kdy Porsche vytvo\u0159ilo. Verze pro rok 2024 posouv\u00e1 limity j\u00edzdn\u00edho z\u00e1\u017eitku o kus d\u00e1l \u2013 s v\u00fdkonn\u00fdm \u0161estiv\u00e1lcem s p\u0159epl\u0148ov\u00e1n\u00edm, p\u0159esnou aerodynamikou a zdokonalen\u00fdm \u0161asi je tento v\u016fz p\u0159ipraven jak na ostrou j\u00edzdu po okruhu, tak na pohodln\u00e9 cestov\u00e1n\u00ed po b\u011b\u017en\u00fdch silnic\u00edch. Porsche 911 GTS je ikonou designu, techniky i emoc\u00ed, kter\u00e1 si dr\u017e\u00ed svou jedine\u010dnou siluetu, ale z\u00e1rove\u0148 p\u0159in\u00e1\u0161\u00ed nejmodern\u011bj\u0161\u00ed technologie v oblasti komfortu, bezpe\u010dnosti a multim\u00e9di\u00ed. Pro puristy i n\u00e1ro\u010dn\u00e9 \u0159idi\u010de je tento model symbolem v\u00fdkonu a nad\u010dasov\u00e9ho stylu.<\/p>\n","protected":false},"excerpt":{"rendered":"<p>Model 911 GTS je jedn\u00edm z nejv\u00edce vyv\u00e1\u017een\u00fdch sportovn\u00edch voz\u016f, jak\u00e9 kdy Porsche vytvo\u0159ilo. Verze pro rok 2024 posouv\u00e1 limity j\u00edzdn\u00edho z\u00e1\u017eitku o kus d\u00e1l \u2013 s v\u00fdkonn\u00fdm \u0161estiv\u00e1lcem s&hellip;<\/p>\n","protected":false},"author":1,"featured_media":8032,"comment_status":"closed","ping_status":"closed","template":"","cpt_cars_type":[57],"cpt_cars_status":[47],"cpt_cars_features":[],"cpt_cars_labels":[21],"cpt_cars_city":[276,277,275],"class_list":["post-8056","cpt_cars","type-cpt_cars","status-publish","has-post-thumbnail","hentry","cpt_cars_type-sport","cpt_cars_status-pronajem","cpt_cars_maker-porsche","cpt_cars_model-911-gts","cpt_cars_labels-pronajem","cpt_cars_city-bratislava","cpt_cars_city-brno","cpt_cars_city-praha"],"_links":{"self":[{"href":"https:\/\/elisagroup.cz\/en\/wp-json\/wp\/v2\/cpt_cars\/8056","targetHints":{"allow":["GET"]}}],"collection":[{"href":"https:\/\/elisagroup.cz\/en\/wp-json\/wp\/v2\/cpt_cars"}],"about":[{"href":"https:\/\/elisagroup.cz\/en\/wp-json\/wp\/v2\/types\/cpt_cars"}],"author":[{"embeddable":true,"href":"https:\/\/elisagroup.cz\/en\/wp-json\/wp\/v2\/users\/1"}],"replies":[{"embeddable":true,"href":"https:\/\/elisagroup.cz\/en\/wp-json\/wp\/v2\/comments?post=8056"}],"wp:featuredmedia":[{"embeddable":true,"href":"https:\/\/elisagroup.cz\/en\/wp-json\/wp\/v2\/media\/8032"}],"wp:attachment":[{"href":"https:\/\/elisagroup.cz\/en\/wp-json\/wp\/v2\/media?parent=8056"}],"wp:term":[{"taxonomy":"cpt_cars_type","embeddable":true,"href":"https:\/\/elisagroup.cz\/en\/wp-json\/wp\/v2\/cpt_cars_type?post=8056"},{"taxonomy":"cpt_cars_status","embeddable":true,"href":"https:\/\/elisagroup.cz\/en\/wp-json\/wp\/v2\/cpt_cars_status?post=8056"},{"taxonomy":"cpt_cars_features","embeddable":true,"href":"https:\/\/elisagroup.cz\/en\/wp-json\/wp\/v2\/cpt_cars_features?post=8056"},{"taxonomy":"cpt_cars_labels","embeddable":true,"href":"https:\/\/elisagroup.cz\/en\/wp-json\/wp\/v2\/cpt_cars_labels?post=8056"},{"taxonomy":"cpt_cars_city","embeddable":true,"href":"https:\/\/elisagroup.cz\/en\/wp-json\/wp\/v2\/cpt_cars_city?post=8056"}],"curies":[{"name":"wp","href":"https:\/\/api.w.org\/{rel}","templated":true}]}}

<p>Model 911 GTS je jedním z nejvíce vyvážených sportovních vozů, jaké kdy Porsche vytvořilo. Verze pro rok 2024 posouvá limity jízdního zážitku o kus dál – s výkonným šestiválcem s přeplňováním, přesnou aerodynamikou a zdokonaleným šasi je tento vůz připraven jak na ostrou jízdu po okruhu, tak na pohodlné cestování po běžných silnicích. Porsche 911 GTS je ikonou designu, techniky i emocí, která si drží svou jedinečnou siluetu, ale zároveň přináší nejmodernější technologie v oblasti komfortu, bezpečnosti a multimédií. Pro puristy i náročné řidiče je tento model symbolem výkonu a nadčasového stylu.</p>

<p>Model 911 GTS je jedním z nejvíce vyvážených sportovních vozů, jaké kdy Porsche vytvořilo. Verze pro rok 2024 posouvá limity jízdního zážitku o kus dál – s výkonným šestiválcem s&hellip;</p>
