{"id":8057,"date":"2025-04-04T22:22:34","date_gmt":"2025-04-04T20:22:34","guid":{"rendered":"https:\/\/elisagroup.cz\/?post_type=cpt_cars&#038;p=8057"},"modified":"2025-04-21T23:32:25","modified_gmt":"2025-04-21T21:32:25","slug":"porsche-cayenne-gts","status":"publish","type":"cpt_cars","link":"https:\/\/elisagroup.cz\/en\/cars\/porsche-cayenne-gts\/","title":{"rendered":"\u2060\u2060Porsche Cayenne GTS"},"content":{"rendered":"\n<p>Porsche Cayenne GTS p\u0159edstavuje zt\u011blesn\u011bn\u00ed sportovn\u00ed elegance v segmentu luxusn\u00edch SUV. Model pro rok 2025 p\u0159in\u00e1\u0161\u00ed v\u00fdrazn\u00e9 designov\u00e9 \u00fapravy a p\u0159epracovan\u00fd podvozek, kter\u00fd poskytuje mimo\u0159\u00e1dnou stabilitu a agilitu. Pod kapotou se ukr\u00fdv\u00e1 v\u00fdkonn\u00fd motor V8 s ostrou odezvou a charakteristick\u00fdm bur\u00e1cen\u00edm, kter\u00e9 probouz\u00ed emoce. Interi\u00e9r je kombinac\u00ed sportovn\u00edho stylu a prvot\u0159\u00eddn\u00edho luxusu \u2013 pr\u00e9miov\u00e9 materi\u00e1ly, sportovn\u00ed sedadla, modern\u00ed infotainment a pokro\u010dil\u00e9 asisten\u010dn\u00ed syst\u00e9my zaji\u0161\u0165uj\u00ed jak radost z j\u00edzdy, tak i ka\u017edodenn\u00ed komfort. Cayenne GTS je ide\u00e1ln\u00ed volba pro ty, kte\u0159\u00ed cht\u011bj\u00ed v\u00fdjime\u010dn\u00fd v\u00fdkon bez kompromis\u016f a z\u00e1rove\u0148 pot\u0159ebuj\u00ed prostorn\u00e9 a reprezentativn\u00ed vozidlo.<\/p>\n","protected":false},"excerpt":{"rendered":"<p>Porsche Cayenne GTS p\u0159edstavuje zt\u011blesn\u011bn\u00ed sportovn\u00ed elegance v segmentu luxusn\u00edch SUV. Model pro rok 2025 p\u0159in\u00e1\u0161\u00ed v\u00fdrazn\u00e9 designov\u00e9 \u00fapravy a p\u0159epracovan\u00fd podvozek, kter\u00fd poskytuje mimo\u0159\u00e1dnou stabilitu a agilitu. Pod kapotou&hellip;<\/p>\n","protected":false},"author":1,"featured_media":8033,"comment_status":"closed","ping_status":"closed","template":"","cpt_cars_type":[53],"cpt_cars_status":[47],"cpt_cars_features":[],"cpt_cars_labels":[21],"cpt_cars_city":[276,277,275],"class_list":["post-8057","cpt_cars","type-cpt_cars","status-publish","has-post-thumbnail","hentry","cpt_cars_type-suv","cpt_cars_status-pronajem","cpt_cars_maker-porsche","cpt_cars_model-cayenne-gts","cpt_cars_labels-pronajem","cpt_cars_city-bratislava","cpt_cars_city-brno","cpt_cars_city-praha"],"_links":{"self":[{"href":"https:\/\/elisagroup.cz\/en\/wp-json\/wp\/v2\/cpt_cars\/8057","targetHints":{"allow":["GET"]}}],"collection":[{"href":"https:\/\/elisagroup.cz\/en\/wp-json\/wp\/v2\/cpt_cars"}],"about":[{"href":"https:\/\/elisagroup.cz\/en\/wp-json\/wp\/v2\/types\/cpt_cars"}],"author":[{"embeddable":true,"href":"https:\/\/elisagroup.cz\/en\/wp-json\/wp\/v2\/users\/1"}],"replies":[{"embeddable":true,"href":"https:\/\/elisagroup.cz\/en\/wp-json\/wp\/v2\/comments?post=8057"}],"wp:featuredmedia":[{"embeddable":true,"href":"https:\/\/elisagroup.cz\/en\/wp-json\/wp\/v2\/media\/8033"}],"wp:attachment":[{"href":"https:\/\/elisagroup.cz\/en\/wp-json\/wp\/v2\/media?parent=8057"}],"wp:term":[{"taxonomy":"cpt_cars_type","embeddable":true,"href":"https:\/\/elisagroup.cz\/en\/wp-json\/wp\/v2\/cpt_cars_type?post=8057"},{"taxonomy":"cpt_cars_status","embeddable":true,"href":"https:\/\/elisagroup.cz\/en\/wp-json\/wp\/v2\/cpt_cars_status?post=8057"},{"taxonomy":"cpt_cars_features","embeddable":true,"href":"https:\/\/elisagroup.cz\/en\/wp-json\/wp\/v2\/cpt_cars_features?post=8057"},{"taxonomy":"cpt_cars_labels","embeddable":true,"href":"https:\/\/elisagroup.cz\/en\/wp-json\/wp\/v2\/cpt_cars_labels?post=8057"},{"taxonomy":"cpt_cars_city","embeddable":true,"href":"https:\/\/elisagroup.cz\/en\/wp-json\/wp\/v2\/cpt_cars_city?post=8057"}],"curies":[{"name":"wp","href":"https:\/\/api.w.org\/{rel}","templated":true}]}}

<p>Porsche Cayenne GTS představuje ztělesnění sportovní elegance v segmentu luxusních SUV. Model pro rok 2025 přináší výrazné designové úpravy a přepracovaný podvozek, který poskytuje mimořádnou stabilitu a agilitu. Pod kapotou se ukrývá výkonný motor V8 s ostrou odezvou a charakteristickým burácením, které probouzí emoce. Interiér je kombinací sportovního stylu a prvotřídního luxusu – prémiové materiály, sportovní sedadla, moderní infotainment a pokročilé asistenční systémy zajišťují jak radost z jízdy, tak i každodenní komfort. Cayenne GTS je ideální volba pro ty, kteří chtějí výjimečný výkon bez kompromisů a zároveň potřebují prostorné a reprezentativní vozidlo.</p>

<p>Porsche Cayenne GTS představuje ztělesnění sportovní elegance v segmentu luxusních SUV. Model pro rok 2025 přináší výrazné designové úpravy a přepracovaný podvozek, který poskytuje mimořádnou stabilitu a agilitu. Pod kapotou&hellip;</p>
